vided by 203497?
64
Calculate the remainder when 493108 is divided by 243086.
6936
What is the remainder when 204691 is divided by 51148?
99
What is the remainder when 928043 is divided by 1202?
99
What is the remainder when 10141708 is divided by 427?
31
What is the remainder when 93449 is divided by 702?
83
Calculate the remainder when 6843006 is divided by 11.
5
What is the remainder when 133702 is divided by 2231?
2073
Calculate the remainder when 9387322 is divided by 711.
700
What is the remainder when 297443 is divided by 7066?
671
Calculate the remainder when 150101 is divided by 330.
281
Calculate the remainder when 60057926 is divided by 86.
84
Calculate the remainder when 13169 is divided by 2559.
374
What is the remainder when 10727 is divided by 411?
41
Calculate the remainder when 56209 is divided by 350.
209
Calculate the remainder when 42469807 is divided by 113.
0
What is the remainder when 84503 is divided by 2290?
2063
Calculate the remainder when 47075 is divided by 2055.
1865
Calculate the remainder when 881530 is divided by 9.
7
Calculate the remainder when 194053 is divided by 2101.
761
What is the remainder when 86327 is divided by 3530?
1607
What is the remainder when 5800379 is divided by 2900186?
7
Calculate the remainder when 1232176 is divided by 1293.
1240
Calculate the remainder when 9250 is divided by 1358.
1102
What is the remainder when 1763593 is divided by 24?
1
What is the remainder when 278877 is divided by 12116?
209
Calculate the remainder when 953084 is divided by 4560.
44
Calculate the remainder when 49999748 is divided by 3333316.
8
Calculate the remainder when 63298172 is divided by 31649048.
76
Calculate the remainder when 11531745 is divided by 9145.
9045
Calculate the remainder when 28193 is divided by 298.
181
Calculate the remainder when 616758 is divided by 41.
36
What is the remainder when 157543299 is divided by 100?
99
What is the remainder when 223250205 is divided by 133?
129
What is the remainder when 14300 is divided by 7101?
98
Calculate the remainder when 16609303 is divided by 2076160.
23
What is the remainder when 401776 is divided by 100443?
4
What is the remainder when 214016310 is divided by 21?
18
Calculate the remainder when 52747 is divided by 43564.
9183
What is the remainder when 1913753 is divided by 149?
146
Calculate the remainder when 4767284 is divided by 397251.
272
What is the remainder when 106497 is divided by 20741?
2792
What is the remainder when 561575805 is divided by 576?
573
Calculate the remainder when 154679 is divided by 1719.
1688
What is the remainder when 889475 is divided by 26161?
1
What is the remainder when 539566 is divided by 7070?
2246
Calculate the remainder when 573599 is divided by 30186.
65
What is the remainder when 6661 is divided by 1454?
845
Calculate the remainder when 19437828 is divided by 1238.
1228
Calculate the remainder when 39176566 is divided by 3264710.
46
Calculate the remainder when 8017899 is divided by 82657.
170
What is the remainder when 103621 is divided by 116?
33
Calculate the remainder when 164552 is divided by 2541.
1928
What is the remainder when 49095285 is divided by 923?
915
Calculate the remainder when 372619 is divided by 1546.
33
What is the remainder when 69753849 is divided by 520?
9
Calculate the remainder when 307432 is divided by 3306.
3280
Calculate the remainder when 19868 is divided by 6393.
689
Calculate the remainder when 1209597 is divided by 1121.
38
Calculate the remainder when 27920 is divided by 11246.
5428
What is the remainder when 220365 is divided by 1120?
845
What is the remainder when 2737163 is divided by 912366?
65
Calculate the remainder when 10803622 is divided by 3224.
3222
What is the remainder when 1635131 is divided by 3658?
5
What is the remainder when 24360 is divided by 12156?
48
What is the remainder when 210012 is divided by 208889?
1123
Calculate the remainder when 261037 is divided by 130463.
111
Calculate the remainder when 337052 is divided by 120.
92
What is the remainder when 3202537 is divided by 266871?
85
What is the remainder when 116084298 is divided by 265?
253
What is the remainder when 41316327 is divided by 165?
162
What is the remainder when 65835326 is divided by 299?
11
What is the remainder when 15297 is divided by 5521?
4255
Calculate the remainder when 116806 is divided by 5541.
445
Calculate the remainder when 200287 is divided by 899.
709
What is the remainder when 352149 is divided by 9248?
725
What is the remainder when 426319 is divided by 302?
197
What is the remainder when 4646809 is divided by 4646611?
198
Calculate the remainder when 30158 is divided by 4366.
3962
Calculate the remainder when 99493 is divided by 4.
1
What is the remainder when 1805749 is divided by 388?
385
What is the remainder when 713662 is divided by 1888?
1886
Calculate the remainder when 44369170 is divided by 615.
610
What is the remainder when 5556857 is divided by 1852280?
17
What is the remainder when 1178373 is divided by 9131?
474
What is the remainder when 64171347 is divided by 3208566?
27
Calculate the remainder when 212809 is divided by 15993.
4900
Calculate the remainder when 28620 is divided by 25200.
3420
Calculate the remainder when 1862736 is divided by 226.
44
What is the remainder when 7420543 is divided by 43?
33
Calculate the remainder when 3665149 is divided by 2156.
2105
What is the remainder when 74725 is divided by 9340?
5
Calculate the remainder when 45155708 is divided by 262.
8
Calculate the remainder when 2000196 is divided by 1303.
91
What is the remainder when 1118761 is divided by 31963?
56
What is the remainder when 51015473 is divided by 271?
265
What is the remainder when 243339 is divided by 526?
327
What is the remainder when 35212 is divided by 1168?
172
Calculate the remainder when 468179 is divided by 160.
19
Calculate the remainder when 10917421 is divided by 322.
11
What is the remainder when 23179624 is divided by 7?
6
What is the remainder when 177171 is divided by 675?
321
Calculate the remainder when 15566659 is divided by 3709.
3695
Calculate the remainder when 53577809 is divided by 2277.
2276
Calculate the remainder when 46613481 is divided by 2913342.
9
Calculate the remainder when 1050928 is divided by 1168.
896
What is the remainder when 2741641 is divided by 197?
189
Calculate the remainder when 20893 is divided by 20735.
158
Calculate the remainder when 4303872 is divided by 133.
125
What is the remainder when 1983015 is divided by 73443?
54
Calculate the remainder when 5397506 is divided by 122.
104
Calculate the remainder when 50067959 is divided by 5006795.
9
Calculate the remainder when 58380 is divided by 19039.
1263
What is the remainder when 2126247 is divided by 2126245?
2
Calculate the remainder when 44082898 is divided by 251.
19
What is the remainder when 7231300 is divided by 3187?
3184
Calculate the remainder when 72669869 is divided by 12111643.
11
Calculate the remainder when 12063348 is divided by 65.
63
What is the remainder when 42325 is divided by 10394?
749
Calculate the remainder when 50254477 is divided by 1708.
1701
What is the remainder when 205941 is divided by 1200?
741
What is the remainder when 164282 is divided by 55?
52
Calculate the remainder when 3884 is divided by 501.
377
What is the remainder when 9724637 is divided by 7?
6
Calculate the remainder when 30595 is divided by 565.
85
Calculate the remainder when 2386382 is divided by 972.
122
What is the remainder when 160783476 is divided by 323508?
0
Calculate the remainder when 121278 is divided by 60510.
258
Calculate the remainder when 49731788 is divided by 36893.
24
Calculate the remainder when 2410286 is divided by 1205123.
40
Calculate the remainder when 790461 is divided by 263483.
12
Calculate the remainder when 48295461 is divided by 88.
5
Calculate the remainder when 1324862 is divided by 7886.
14
What is the remainder when 262081 is divided by 2520?
1
Calculate the remainder when 1067251 is divided by 34425.
76
What is the remainder when 245633951 is divided by 211?
200
Calculate the remainder when 712324 is divided by 4656.
4612
What is the remainder when 120758 is divided by 19?
13
What is the remainder when 746872318 is divi